(7)?
9
Let a(p) = 3*p**2 + 36*p + 224. What is a(-6)?
116
Let w(g) = -48*g**2 - 617*g + 83. What is w(-13)?
-8
Let j(o) = -o**3 - 12*o**2 + 240*o + 1361. Calculate j(-5).
-14
Let y(t) = t**3 - 14*t**2 - 52*t + 5. What is y(16)?
-315
Let p(x) = x**2 - 24*x + 27. Calculate p(13).
-116
Let x(g) = 733*g**2 + 4*g - 2. Calculate x(1).
735
Let p(j) = -j**2 + 217*j + 9108. Determine p(-36).
0
Let p(h) = 20*h - 400. Calculate p(23).
60
Let z(a) = 12*a**3 + 37*a**2 + 7*a + 9. Determine z(-3).
-3
Let m(l) = -62*l + 2346. Give m(38).
-10
Let r(b) = -30*b - 1035. Determine r(-35).
15
Let t(i) = 20*i + 41. Determine t(-16).
-279
Let i(g) = 3*g**2 - 12*g - 7. Calculate i(7).
56
Let m(v) = 30447*v + 243577. Determine m(-8).
1
Let y(z) = -z**3 - 18*z**2 - 43*z - 31. Calculate y(-14).
-213
Let s(d) = 8*d**3 - 33*d**2 + 97*d - 364. Determine s(4).
8
Let c(t) = -323*t - 7165. Determine c(-22).
-59
Let l(y) = -y**3 - 21*y**2 + 16*y + 5. Give l(6).
-871
Let u(g) = -12*g - 261. Give u(-14).
-93
Let f(r) = -49*r + 87. Give f(2).
-11
Let n(u) = u**3 + 45*u**2 + 44*u - 17. Determine n(-44).
-17
Let l(m) = m**3 - 7*m**2 - 133*m + 98. Determine l(-9).
-1
Let w(f) = 54*f - 72. Calculate w(5).
198
Let l(q) = -q**2 + 41*q - 121. Give l(38).
-7
Let y(t) = t**3 + 12*t**2 + 5*t + 10. What is y(-11)?
76
Let f(g) = g**2 - 4*g - 17. Give f(-3).
4
Let n(x) = x**3 + 10*x**2 - 27*x - 52. What is n(-12)?
-16
Let f(y) = 45*y**3 + 1980*y**2 - 3*y - 120. Calculate f(-44).
12
Let u(m) = -11*m**3 + m**2 - 21*m + 7. Calculate u(0).
7
Let d(p) = -2*p**3 - 139*p**2 - 71*p - 119. What is d(-69)?
19
Let j(r) = -391*r + 202. Calculate j(0).
202
Let a(t) = -t**3 - 101*t**2 + 6*t + 614. Calculate a(-101).
8
Let p(y) = -4*y**2 - 164*y + 31. What is p(-41)?
31
Let l(d) = -56*d + 556. What is l(10)?
-4
Let d(a) = -5*a**2 + 263*a - 835. Determine d(49).
47
Let o(j) = 130*j - 1492. What is o(11)?
-62
Let k(c) = -2*c**3 + 16*c**2 - c + 20. Determine k(8).
12
Let s(q) = 6*q**2 - 65*q + 240. Give s(6).
66
Let p(q) = q**3 - 89*q**2 - 410*q + 12324. Calculate p(92).
-4
Let u(h) = -5*h**2 + 39*h - 144. Determine u(4).
-68
Let d(n) = -n**3 + 3*n**2 + 69*n + 15. What is d(10)?
5
Let c(t) = -13*t**2 - 152*t - 401. Give c(-4).
-1
Let u(z) = -z**3 - 25*z**2 + 124*z + 262. What is u(-29)?
30
Let l(v) = v**3 - 14*v**2 + 107*v - 1307. What is l(13)?
-85
Let v(q) = 58*q - 59. Give v(1).
-1
Let b(y) = -1425*y + 7128. Determine b(5).
3
Let t(n) = -888*n - 3539. Give t(-4).
13
Let c(y) = y**3 + 143*y**2 - 13*y - 1794. What is c(-143)?
65
Let w(j) = j**3 + 6*j**2 - 5*j - 50. What is w(-5)?
0
Let n(o) = 37*o + 105. Give n(-3).
-6
Let i(g) = -g**2 + 26*g - 87. Determine i(29).
-174
Let w(k) = 29*k**3 + 12*k**2 + 14*k + 2. Give w(-1).
-29
Let n(p) = -18*p + 7. Calculate n(6).
-101
Let z(j) = 5*j**2 + 93*j + 60. Determine z(-18).
6
Let i(l) = l**3 - 3*l**2 - 43*l + 43. Determine i(1).
-2
Let h(q) = 25*q - 359. What is h(16)?
41
Let g(r) = 272*r**2 - 1088*r + 7. What is g(4)?
7
Let c(m) = m**3 + 2*m**2 - 12*m - 6. Determine c(0).
-6
Let n(u) = 182*u**2 + 7*u + 19. Determine n(0).
19
Let j(o) = 2*o**3 - o**2 - 91*o + 3. What is j(7)?
3
Let c(m) = -2*m**2 + 107*m - 1319. Give c(30).
91
Let m(c) = -c**2 - 27*c - 74. Give m(-5).
36
Let q(i) = -i**3 - 19*i**2 + 72*i + 135. Determine q(-22).
3
Let u(b) = -b**3 + 6*b**2 + 7*b + 3. Determine u(5).
63
Let p(t) = t**3 + 4*t**2 - 6*t - 12. Determine p(-5).
-7
Let u(z) = -22*z + 73. Give u(3).
7
Let d(q) = q**3 - 21*q**2 - 12*q + 3. Calculate d(21).
-249
Let x(v) = -16*v - 79. Give x(7).
-191
Let r(m) = 2*m**3 + 16*m**2 - 42*m - 325. Calculate r(-8).
11
Let c(q) = -2*q**2 + 66*q - 586. What is c(15)?
-46
Let r(a) = 439*a - 1755. Calculate r(4).
1
Let g(u) = u**2 + 3870*u + 53984. Determine g(-14).
0
Let l(o) = o**3 - 113*o**2 + 210*o + 1339. Determine l(111).
7
Let l(d) = d**3 - 34*d**2 + 26*d + 208. Determine l(33).
-23
Let y(f) = -f**3 - 56*f**2 + 3062*f + 172. Calculate y(-90).
-8
Let z(r) = -4*r**3 + 3*r**2 + 17*r - 4. Determine z(-3).
80
Let r(y) = 21*y**2 + 249*y + 12. What is r(-12)?
48
Let j(v) = -v**3 + 14*v**2 - 7*v + 19. Determine j(9).
361
Let h(w) = -6*w**2 + 199*w + 1638. Determine h(40).
-2
Let w(s) = 33*s**2 - 50*s + 11. Determine w(5).
586
Let w(m) = m**3 - 10*m**2 - 326*m - 260. Determine w(24).
-20
Let f(u) = -2*u + 87. Calculate f(-41).
169
Let w(k) = k**2 - 168*k + 1468. What is w(9)?
37
Let w(v) = 2*v**2 + 75*v + 329. What is w(-5)?
4
Let r(d) = d**2 - 52*d - 2143. Determine r(-27).
-10
Let i(p) = 19*p + 111. Give i(-7).
-22
Let m(g) = -g**2 - 117*g - 3311. What is m(-70)?
-21
Let f(o) = 2*o**3 - 14*o - 49. Determine f(-3).
-61
Let z(r) = 2*r**2 + 9*r + 1. Give z(3).
46
Let d(q) = 4*q**2 - 101*q - 784. What is d(-7)?
119
Let j(i) = -2*i**3 - 18*i**2 - 35*i - 315. Determine j(-9).
0
Let m(z) = z**3 + 46*z**2 + 478*z - 30. Give m(-16).
2
Let p(h) = -2*h**2 - h + 96. Calculate p(-14).
-282
Let r(m) = m**3 + 85*m**2 - 255*m + 795. Determine r(-88).
3
Let w(v) = 774*v + 3874. Calculate w(-5).
4
Let o(b) = 37*b - 479. Calculate o(15).
76
Let o(v) = v**3 + 7*v**2 + 30*v + 65. Calculate o(-5).
-35
Let q(l) = -l**3 + 26*l**2 + 361*l - 19. Give q(36).
17
Let t(b) = -12*b + 766. Determine t(48).
190
Let w(p) = p**3 + 33*p**2 + 231*p - 10. Determine w(-10).
-20
Let a(n) = 140*n + 100. What is a(0)?
100
Let z(h) = -10121*h + 91098. Calculate z(9).
9
Let g(q) = -q**3 - 15*q**2 - 8*q + 74. Determine g(2).
-10
Let j(d) = d**2 - 482*d + 6103. What is j(13)?
6
Let l(n) = n**3 + 11*n**2 + 79*n + 898. Determine l(-11).
29
Let l(d) = 3*d**3 - 491*d**2 + 335*d - 1463. Calculate l(163).
4
Let b(g) = -23*g - 1236. Give b(-54).
6
Let y(m) = 128*m - 5243. Give y(41).
5
Let u(v) = v**2 + 455*v - 10992. Determine u(23).
2
Let w(x) = -15*x**2 - 1711*x + 1615. Give w(-115).
5
Let s(x) = 167*x - 3684. Calculate s(23).
157
Let q(a) = a**2 + 46*a - 773. Calculate q(-59).
-6
Let m(u) = 217*u - 5023. What is m(23)?
-32
Let h(l) = 5*l**2 + l + 1. Calculate h(4).
85
Let f(g) = -395*g - 4356. What is f(-11)?
-11
Let o(g) = -4*g**3 + 195*g**2 - 140*g - 189. Give o(48).
3
Let t(l) = 5*l**2 - 15*l + 21. Calculate t(5).
71
Let j(o) = -18*o**2 + 152*o - 44. Determine j(8).
20
Let b(f) = 33*f**3 + 3*f**2 + 4*f. Calculate b(-2).
-260
Let a(j) = -2*j**3 + 280*j**2 - 2837*j + 6. Determine a(11).
17
Let v(q) = -2*q**3 - 9*q**2 - 175*q - 685. Calculate v(-4).
-1
Let d(g) = -g**3 - 24*g**2 - 127*g + 22. Give d(-16).
6
Let g(a) = 2*a**3 - 21*a**2 + 21*a - 23. Calculate g(10).
87
Let o(h) = -178*h + 2093. Determine o(12).
-43
Let b(g) = -21*g + 305. What is b(9)?
116
Let d(u) = -4*u**3 + 3*u**2 - 13*u + 21. Give d(2).
-25
Let d(a) = 259*a - 1028. Give d(4).
8
Let n(r) = r**3 - 16*r**2 + 56*r - 18. What is n(10)?
-58
Let z(g) = 2*g**2 + 425*g + 15917. What is z(-164)?
9
Let n(u) = u**3 - 99*u**2 + 294*u - 569. What is n(96)?
7
Let f(u) = -10*u**3 + 4*u**2 - 5*u - 6. What is f(-3)?
315
Let q(o) = 6*o**2 + 153*o + 70. Determine q(-25).
-5
Let r(k) = -2*k**3 + 4*k**2 - k - 12. What is r(-2)?
22
Let w(b) = 2*b**3 + 271*b**2 + 134*b - 140. Determine w(-135).
-5
Let o(a) = 14*a**3 - 4*a**2 + 18*a + 23. Calculate o(-1).
-13
Let j(m) = 60*m + 19. Calculate j(-1).
-41
Let f(s) = s**3 - 11*s**2 - 12*s - 6. Determine f(10).
-226
Let o(a) = 3*a - 133. Give o(-30).
-223
Let l(r) = 852*r + 10232. Calculate l(-12).
8
Let v(z) = 9*z**2 - 141*z - 380. What is v(18)?
-2
Let z(h) = -15*h**2 - 57*h - 6. Give z(-4).
-18
Let s(m) = m**3 + 48*m**2 + 54*m + 323. Calculate s(-47).
-6
Let j(m) = m**3 + 31*m**2 + 5*m - 10. Give j(-31).
-165
Let x(z) = z**2 - 345*z - 14030. What is x(-37)?
104
Let r(p) = 153*p + 469. Calculate r(-7).
-602
Let g(o) = 4288*o + 8573. What is g(-2)?
-3
Let m(j) = -53*j - 1903. Give m(-35).
-48
Let u(g) = 5*g**2 - 25*g - 9. What is u(4)?
-29
Let v(l) = 3*l**3 + 4*l**2 + 5*l - 11. What is v(3)?
121
Let v(c) = -c**3 - 109*c**2 + 337*c + 120. Give v(-112).
8
Let n(w) = -w**3 + 3*w**2 + 2*w - 7. Determine n(6).
-103
Let w(c) = 2*c**2 - 3239*c - 16236. Give w(-5).
9
Let g(p) = 2*p**3 - 19*p**2 + 69*p - 43. Give g(4).
57
Let v(w) = -2*w**2 + 160*w - 1418. Give v(9).
-140
Let n(q) = -940*q - 4159. What is n(-4)?
-399
Let k(s) = 6*s**3 + 2*s**2 + 111*s - 330. What is k(3)?
183
Let i(z) = -113*z**3 + 10*z**2 - 14*z + 5.